 = -13*r. Calculate the remainder when 426 is divided by c.
42
Calculate the remainder when (-3566)/(-6) + (-492)/369 is divided by 86.
77
Suppose -67 = -4*z + 97. Suppose c = 5*c - 88. What is the remainder when z is divided by c?
19
Suppose -9*i = 3*m - i - 572, 5*i = 3*m - 559. Calculate the remainder when m is divided by 40.
28
Let h(v) = 2*v - 7. Let n = -1262 + 1283. Calculate the remainder when n is divided by h(8).
3
Let i(n) = -n**2 + 16*n + 61. Calculate the remainder when 756 is divided by i(12).
102
Let w(k) = -3*k**2 + 6*k**2 - 8*k**2 - k**3 - 6*k. Suppose -v = 4*u - 20, -10 = -v - 2*u + 3*u. What is the remainder when v is divided by w(-4)?
4
Suppose -77*a = -88*a + 352. What is the remainder when 125 is divided by a?
29
Let c be -3*(5 + (-30)/3). What is the remainder when 71 is divided by (-2)/((-5)/(-9)*(-6)/c)?
8
Let f(s) = s**3 + 5*s**2 + 3*s + 4. Suppose -j = 3*j - 32. Suppose 4*d = -j, 0 = 4*l + 5*d - 51 - 59. What is the remainder when l is divided by f(-4)?
6
Let v(k) = 98*k**3 - 1. Let y be v(-1). Let d = y + 116. Calculate the remainder when 49 is divided by d.
15
Suppose -2*u - 4*t + 296 = 0, 2*t + 4 = t. Suppose -z = -7*z + u. Calculate the remainder when 47 is divided by z.
21
Suppose g + 3*p = 18, 2*g - 21 - 10 = -5*p. Suppose -g*f - 2 = -26. What is the remainder when 23 is divided by f?
7
Let c(t) = -t**2 + 22*t - 79. What is the remainder when c(10) is divided by 32?
9
Let t(x) = x**3 + 4*x**2 + 4. Let w(q) = -2*q**3 - 12*q**2 - q - 11. Let o(l) = -11*t(l) - 4*w(l). Calculate the remainder when o(-3) is divided by 36.
33
Calculate the remainder when 117 is divided by (-2)/(12/(-18)*9/51).
15
Suppose 2*g - 2*y - 104 = 0, 2*g - 107 = 4*y + y. Let t = -8749 - -8763. What is the remainder when g is divided by t?
9
Let u(s) = -s**2 + 11*s - 13. Suppose -2*a - 5*f - 37 = -a, 0 = -a + 2*f - 72. Let c = 90 + a. What is the remainder when c is divided by u(7)?
13
Suppose -4*u - 44 = -0*u - 3*x, u - 5*x + 11 = 0. Let m = u - -18. Calculate the remainder when 20 is divided by m.
6
What is the remainder when 202 is divided by 3/3*(4 - -5)?
4
Suppose 0 = -2*f + 4*i + 832, -3*f = 16*i - 15*i - 1220. What is the remainder when f is divided by 131?
15
Calculate the remainder when 9*(-2847)/(-143) - (-4)/(-22) is divided by 3.
2
Let j(y) = y**3 + 47*y**2 - 4*y - 164. Calculate the remainder when 28 is divided by j(-47).
4
Suppose 0 = -h + 2*h - 3*b - 29, -3*h - 4*b = -35. Calculate the remainder when 797 is divided by h.
15
Suppose 9*j - 9 = 189. What is the remainder when 104 is divided by j?
16
Let n(z) = -z**3 - 27*z**2 - 3*z + 66. What is the remainder when n(-27) is divided by 30?
27
Suppose -2*w - 7*o = -2*o, -w + o = -7. Let l = w - 1. Suppose 0 = v - 0*p + p - 9, -5*v - l*p = -44. What is the remainder when 13 is divided by v?
5
Suppose 27*z - 235 = 22*z. Calculate the remainder when z is divided by 13.
8
Suppose a + 288 = 3*c, 47*a - 45*a = -6. Calculate the remainder when 472 is divided by c.
92
What is the remainder when 642/4*172/129 is divided by 18?
16
What is the remainder when 2391 is divided by -105 - -97 - (1 + -47)?
35
Suppose 10*i + 2*y = 6*i + 2164, 3*i - 1623 = -3*y. Calculate the remainder when i is divided by 4.
1
Let a be (3 - -1)/2 + -300. Let t = a + 422. Calculate the remainder when t is divided by 21.
19
Suppose 0 = -4*v + 8*v - 12. Let x = v + 1. Let t(p) = -p**2 + 5*p. What is the remainder when t(x) is divided by 3?
1
Suppose 6*o - 297 = 297. Suppose -2*i - 137 = -5*v, 0 = -0*v + 3*v + 3*i - o. What is the remainder when v is divided by 6?
5
Suppose 5*q + 0*q = -3*b + 86, 3*q + 3*b - 54 = 0. What is the remainder when (-20)/15 + 1737/27 is divided by q?
15
Suppose 19*f - 23*f = -a - 143, 15 = 3*a. Calculate the remainder when 125 is divided by f.
14
Let f(j) = 3*j**2 - 4*j - 1. Let c be f(8). Suppose a + 72 + 87 = -3*n, -3*n + 3*a = c. Let h = -10 - n. Calculate the remainder when h is divided by 23.
20
Suppose 3*y - 25 = 2*y. What is the remainder when y is divided by (-6)/5*1280/(-96)?
9
Suppose 290 = 2*r - a, 0 = 5*a + 19 + 1. Calculate the remainder when r is divided by 6.
5
Let h be -1 + 4 - -1*2. Suppose h = -5*u - o + 6*o, 4 = -2*o. What is the remainder when 13/((-14)/(-4) + u) is divided by 9?
8
Suppose -3*g = -15, 2*k + 3*g = -0*k + 255. Calculate the remainder when 0 + 314/10 - 48/k is divided by 13.
5
Suppose -15 - 24 = -3*p. Let u = 79 + -72. What is the remainder when p is divided by u?
6
Suppose 366 = 5*s - 239. Calculate the remainder when s is divided by 31.
28
Suppose -12*k = -8*k - 16, 2*t = -5*k + 62. Calculate the remainder when 71 is divided by t.
8
Let u = 17 - 14. Let y be u/(2*(-3)/(-4)). Suppose -5*o + 4*o = -y*n + 14, -2*n = -2*o - 16. Calculate the remainder when 17 is divided by n.
5
Let n(a) = 18*a**2 - 2*a - 1. Suppose -2*m + 50 = -5*r, -183 = -0*m - 5*m - 2*r. Calculate the remainder when n(2) is divided by m.
32
Let g = 3 + 17. Let d(t) = 10*t + 24. Let j(x) = 9*x + 25. Let o(y) = -4*d(y) + 3*j(y). Calculate the remainder when o(-6) is divided by g.
17
Suppose a - 28 = -2*u, -u - 6 = u. Suppose 24*d - 355 = 101. What is the remainder when a is divided by d?
15
Suppose 0 = 21*m - 206 - 46. Let b(z) be the third derivative of z**5/20 - z**4/8 - z**3/2 + z**2. Calculate the remainder when b(-3) is divided by m.
9
Suppose -15*u = -848 - 2977. What is the remainder when u is divided by 64?
63
Let g(q) = q**3 + 22*q**2 + 38*q + 26. What is the remainder when 124 is divided by g(-20)?
58
Let u(z) = z**2 + 2*z - 12. What is the remainder when u(-10) is divided by 12?
8
Let w be (-4)/4 + -3 - 0. Let y be 65 - (1 - 4 - w). Let s = y - 37. What is the remainder when s is divided by 15?
12
Suppose -2*v + 5*b + 14 = 0, 2*v = -v - 3*b + 42. Let j = -8 + v. Suppose -6 = -5*y + j. What is the remainder when y is divided by 1?
0
Suppose 0 = -66*u + 6975 + 351. Calculate the remainder when 661 is divided by u.
106
Suppose -69 = -2*m - 5*o + 4*o, 6 = -2*o. What is the remainder when m is divided by 15?
6
Suppose -14*c + 960 = -4*c. Calculate the remainder when c is divided by 44.
8
Suppose w - 18 = -w. Let u be 49/14*6/7. Suppose -2*d = 4*h - 22 - 48, u*d = 2*h - 23. Calculate the remainder when h is divided by w.
7
Calculate the remainder when 52 is divided by 1 + 4 + (3 + -5 - -5).
4
Suppose 27*m = 39*m - 624. Calculate the remainder when 207 is divided by m.
51
Suppose 7*l = 32*l - 1150. Calculate the remainder when 71 is divided by l.
25
Calculate the remainder when 227 is divided by 3/(-10) + (-18909)/(-330).
56
Let k(c) = -2*c + 2*c**3 - 3*c**3 + 4*c - 8 + 4 - 4*c**2. What is the remainder when k(-5) is divided by 4?
3
Let s = 146 + 77. Let z = 224 - s. Let r(y) = -y**2 - 3*y + 3. Calculate the remainder when r(-3) is divided by z.
0
Suppose -20*w - 6 = -22*w. Suppose 5*n - 5*u - 2 - 3 = 0, w*n - 5*u = -3. Calculate the remainder when 10 is divided by n.
2
Let a = 62 - 59. Suppose 5*x = -9 + 34, 3*j + a*x = 57. Let z(c) = -20*c + 1. What is the remainder when z(-2) is divided by j?
13
Let v = -38 + 44. Let h be (3/v)/((-1)/(-6)). Suppose -h*o - 7 = -49. What is the remainder when o is divided by 8?
6
Suppose 8*d = -24 + 144. What is the remainder when 131 is divided by d?
11
Let h be (4/(-10))/((-13)/65). Suppose -3*a + 5*v = -64, -a - h*v + 4*v + 22 = 0. Suppose d = -4*d + 165. What is the remainder when d is divided by a?
15
Let g(t) = 2*t**2 - 2*t + 237. Calculate the remainder when g(0) is divided by 25.
12
Suppose 241 - 66 = 5*x. Suppose 0 = 4*a - 15 + 7. Calculate the remainder when x is divided by 1 + -3 + a + 19.
16
Let d(h) = -2*h - 11. What is the remainder when d(-10) is divided by (-3)/(-4)*2*(-12)/(-6)?
0
Suppose 5*w = 2*s - 40 + 28, 4*w = 2*s - 14. What is the remainder when 29 is divided by s?
7
Let j = -646 + 650. Calculate the remainder when -3 - -2 - -1 - -22 is divided by j.
2
Suppose -270 = 3*i - j, -i - 450 = 4*i - j. Let h(m) = -m**3 - m - 12. Let s be h(0). Calculate the remainder when 39 is divided by i/s*(-8)/(-6).
9
Calculate the remainder when 78 is divided by -1*(69/(-3) + (5 - 1)).
2
Suppose 5*r - 27 = 53. Suppose 14*m = r*m - 52. Calculate the remainder when m is divided by 9.
8
What is the remainder when (11 - 3)/(-16)*-214 is divided by 32?
